{"id":3259,"date":"2025-01-04T15:09:53","date_gmt":"2025-01-04T15:09:53","guid":{"rendered":"https:\/\/genaisa.eu\/?post_type=expert&#038;p=3259"},"modified":"2025-01-04T15:09:53","modified_gmt":"2025-01-04T15:09:53","slug":"lucas-asmelash","status":"publish","type":"expert","link":"https:\/\/genaisa.eu\/es\/expert\/lucas-asmelash\/","title":{"rendered":"Lucas Asmelash"},"content":{"rendered":"<p>Lucas Asmelash es el responsable de comunicaciones de DIGITAL SME y aprovecha su experiencia en relaciones con los medios de comunicaci\u00f3n y la prensa. Anteriormente trabaj\u00f3 con el Departamento del Presidente del Consejo Europeo y con la ONG Search for Common Ground en Senegal. Lucas desempe\u00f1a un papel fundamental en la gesti\u00f3n de las estrategias de comunicaci\u00f3n del proyecto GenAISA.<\/p>","protected":false},"featured_media":3191,"template":"","meta":{"_acf_changed":false,"_kad_blocks_custom_css":"","_kad_blocks_head_custom_js":"","_kad_blocks_body_custom_js":"","_kad_blocks_footer_custom_js":"","_kad_post_transparent":"","_kad_post_title":"","_kad_post_layout":"","_kad_post_sidebar_id":"","_kad_post_content_style":"","_kad_post_vertical_padding":"","_kad_post_feature":"","_kad_post_feature_position":"","_kad_post_header":false,"_kad_post_footer":false,"_kad_post_classname":""},"expert-organization":[22],"class_list":["post-3259","expert","type-expert","status-publish","has-post-thumbnail","hentry","expert-organization-european-digital-sme-alliance-digital-sme"],"acf":[],"taxonomy_info":{"expert-organization":[{"value":22,"label":"European DIGITAL SME Alliance (DIGITAL SME)"}]},"featured_image_src_large":["https:\/\/genaisa.eu\/wp-content\/uploads\/2025\/01\/Lucas-Asmelash-1.png",750,750,false],"author_info":[],"comment_info":"","_links":{"self":[{"href":"https:\/\/genaisa.eu\/es\/wp-json\/wp\/v2\/expert\/3259","targetHints":{"allow":["GET"]}}],"collection":[{"href":"https:\/\/genaisa.eu\/es\/wp-json\/wp\/v2\/expert"}],"about":[{"href":"https:\/\/genaisa.eu\/es\/wp-json\/wp\/v2\/types\/expert"}],"wp:featuredmedia":[{"embeddable":true,"href":"https:\/\/genaisa.eu\/es\/wp-json\/wp\/v2\/media\/3191"}],"wp:attachment":[{"href":"https:\/\/genaisa.eu\/es\/wp-json\/wp\/v2\/media?parent=3259"}],"wp:term":[{"taxonomy":"expert-organization","embeddable":true,"href":"https:\/\/genaisa.eu\/es\/wp-json\/wp\/v2\/expert-organization?post=3259"}],"curies":[{"name":"gracias","href":"https:\/\/api.w.org\/{rel}","templated":true}]}}

<p>Lucas Asmelash es el responsable de comunicaciones de DIGITAL SME y aprovecha su experiencia en relaciones con los medios de comunicación y la prensa. Anteriormente trabajó con el Departamento del Presidente del Consejo Europeo y con la ONG Search for Common Ground en Senegal. Lucas desempeña un papel fundamental en la gestión de las estrategias de comunicación del proyecto GenAISA.</p>
